{"id":5619,"date":"2022-02-24T13:08:26","date_gmt":"2022-02-24T11:08:26","guid":{"rendered":"https:\/\/tyoelamaan.fi\/?page_id=5619"},"modified":"2024-12-17T06:19:36","modified_gmt":"2024-12-17T04:19:36","slug":"tyoaika","status":"publish","type":"page","link":"https:\/\/tyoelamaan.staging.web-veistamo.fi\/selko\/tyosuhde\/tyoaika\/","title":{"rendered":"Ty\u00f6aika"},"content":{"rendered":"\n<p>Ty\u00f6aikana ty\u00f6ntekij\u00e4n pit\u00e4\u00e4 olla ty\u00f6paikalla. Kodin ja ty\u00f6paikan v\u00e4linen matka ei ole ty\u00f6aikaa.<\/p>\n\n\n\n<p>Matka on ty\u00f6aikaa silloin, jos sit\u00e4 pidet\u00e4\u00e4n ty\u00f6suorituksena. Ty\u00f6nantajan kanssa voi sopia matkan aikana teht\u00e4v\u00e4st\u00e4 ty\u00f6st\u00e4. Ty\u00f6ajaksi matka katsotaan silloin, kun ty\u00f6p\u00e4iv\u00e4n aikana liikutaan asiakaskohteesta toiseen.\u202f<\/p>\n\n\n\n<p>Voit v\u00e4hent\u00e4\u00e4 ty\u00f6matkojen kulut verotuksessasi.<\/p>\n\n\n\n<h2 class=\"wp-block-heading\">Mik\u00e4 on s\u00e4\u00e4nn\u00f6llinen <span class='tooltipsall tooltipsincontent classtoolTips59'>Ty\u00f6aika<\/span>?<\/h2>\n\n\n\n<p>S\u00e4\u00e4nn\u00f6llinen ty\u00f6aika on lain mukaan enint\u00e4\u00e4n kahdeksan tuntia vuorokaudessa tai 40 tuntia viikossa. Monilla aloilla ty\u00f6aika on sovittu lyhyemm\u00e4ksi ty\u00f6ehtosopimuksilla (esim. 37,5 tuntia viikossa).<\/p>\n\n\n\n<p>Ty\u00f6aika voi joustaa p\u00e4ivitt\u00e4in, viikoittain ja kuukausittain, jos k\u00e4ytet\u00e4\u00e4n keskim\u00e4\u00e4r\u00e4ist\u00e4 ty\u00f6aikaa. Ty\u00f6aika tasoitetaan t\u00e4ll\u00f6in sopimusten mukaisesti.<\/p>\n\n\n\n<div class=\"wp-block-as-blocks-accordion-block\"><div class=\"accordion\"><div class=\"accordion-item\"><h4 class=\"accordion-header\" id=\"block-d2da5bc4-f685-4586-8030-be7b043595efheading\"><button class=\"accordion-button collapsed\" type=\"button\" data-bs-toggle=\"collapse\" data-bs-target=\"#block-d2da5bc4-f685-4586-8030-be7b043595ef\" aria-expanded=\"false\" aria-controls=\"block-d2da5bc4-f685-4586-8030-be7b043595ef\">Joustoty\u00f6<\/button><\/h4><div id=\"block-d2da5bc4-f685-4586-8030-be7b043595ef\" class=\"accordion-collapse collapse\" aria-labelledby=\"block-d2da5bc4-f685-4586-8030-be7b043595efheading\"><div class=\"accordion-body\">\n<p>Joustoty\u00f6ajasta voit sopia ty\u00f6nantajan kanssa, jos puolet ty\u00f6st\u00e4si on sellaista, ett\u00e4 saat itse p\u00e4\u00e4tt\u00e4\u00e4 ty\u00f6nteon ajasta ja paikasta. Jousto ei lis\u00e4\u00e4 ty\u00f6aikaa, vaan kyse on laajasta liukuvasta ty\u00f6ajasta.<\/p>\n\n\n\n<p><strong>Joustoty\u00f6aikaa koskevaan sopimukseen kirjataan:<\/strong><\/p>\n\n\n\n<ul class=\"wp-block-list\">\n<li>p\u00e4iv\u00e4t, joille ty\u00f6ntekij\u00e4 saa sijoittaa ty\u00f6aikaa<\/li>\n\n\n\n<li>viikkolevon aika<\/li>\n\n\n\n<li>kellonaikojen rajat (ei klo 23\u201306)<\/li>\n\n\n\n<li>ty\u00f6aika sopimuksen p\u00e4\u00e4ttymisen j\u00e4lkeen.<\/li>\n<\/ul>\n\n\n\n<p>Joustoty\u00f6aika soveltuu silloin, kun sinun ei tarvitse olla kiinte\u00e4ss\u00e4 toimipaikassa. Pid\u00e4t itse kirjaa ty\u00f6tunneistasi ja toimitat tiedot ty\u00f6nantajalle.<\/p>\n<\/div><\/div><\/div><\/div><\/div>\n\n\n\n<div class=\"wp-block-as-blocks-accordion-block\"><div class=\"accordion\"><div class=\"accordion-item\"><h4 class=\"accordion-header\" id=\"block-790f3309-5fdb-4945-99a6-ce616430706bheading\"><button class=\"accordion-button collapsed\" type=\"button\" data-bs-toggle=\"collapse\" data-bs-target=\"#block-790f3309-5fdb-4945-99a6-ce616430706b\" aria-expanded=\"false\" aria-controls=\"block-790f3309-5fdb-4945-99a6-ce616430706b\">Liukuva ty\u00f6aika<\/button><\/h4><div id=\"block-790f3309-5fdb-4945-99a6-ce616430706b\" class=\"accordion-collapse collapse\" aria-labelledby=\"block-790f3309-5fdb-4945-99a6-ce616430706bheading\"><div class=\"accordion-body\">\n<p>Ty\u00f6nantaja ja ty\u00f6ntekij\u00e4 voivat sopia liukuvasta ty\u00f6ajasta. Silloin ty\u00f6ntekij\u00e4 m\u00e4\u00e4r\u00e4\u00e4 itse ty\u00f6p\u00e4iv\u00e4ns\u00e4 alkamis- ja p\u00e4\u00e4ttymisajan sovituissa rajoissa.<\/p>\n\n\n\n<p><strong>Liukuvasta ty\u00f6ajasta sovittaessa pit\u00e4\u00e4 p\u00e4\u00e4tt\u00e4\u00e4:<\/strong><\/p>\n\n\n\n<ul class=\"wp-block-list\">\n<li>yhdenjaksoinen kiinte\u00e4 ty\u00f6aika&nbsp;vuorokautinen liukumaraja ja sen sijoittuminen<\/li>\n\n\n\n<li>lepoaikojen sijoittuminen<\/li>\n\n\n\n<li>ty\u00f6ajan ylitysten ja alitusten rajat.<\/li>\n<\/ul>\n\n\n\n<p>Laissa pisin liukuma-aika on 4 tuntia. Viikoittainen ty\u00f6aika saa olla keskim\u00e4\u00e4rin 40 tuntia nelj\u00e4n kuukauden aikana. Ylityksi\u00e4 saa olla enint\u00e4\u00e4n 60 tuntia ja alituksia 20 tuntia.<\/p>\n<\/div><\/div><\/div><\/div><\/div>\n\n\n\n<div class=\"wp-block-as-blocks-accordion-block\"><div class=\"accordion\"><div class=\"accordion-item\"><h4 class=\"accordion-header\" id=\"block-e52235d2-71d7-4954-b81c-7c51cdd6ace9heading\"><button class=\"accordion-button collapsed\" type=\"button\" data-bs-toggle=\"collapse\" data-bs-target=\"#block-e52235d2-71d7-4954-b81c-7c51cdd6ace9\" aria-expanded=\"false\" aria-controls=\"block-e52235d2-71d7-4954-b81c-7c51cdd6ace9\">Ty\u00f6aikapankki<\/button><\/h4><div id=\"block-e52235d2-71d7-4954-b81c-7c51cdd6ace9\" class=\"accordion-collapse collapse\" aria-labelledby=\"block-e52235d2-71d7-4954-b81c-7c51cdd6ace9heading\"><div class=\"accordion-body\">\n<p>Laissa on s\u00e4\u00e4nn\u00f6kset ty\u00f6aikapankista. Ty\u00f6paikalla voi olla my\u00f6s k\u00e4yt\u00f6ss\u00e4 sellainen ty\u00f6aikapankki, joka perustuu ty\u00f6ehtosopimukseen.<\/p>\n\n\n\n<p>Ty\u00f6aikapankkiin s\u00e4\u00e4stet\u00e4\u00e4n ty\u00f6aikaa, vapaita tai etuja. Ty\u00f6aikapankin k\u00e4yt\u00f6ss\u00e4 pit\u00e4\u00e4 sopia<\/p>\n\n\n\n<ul class=\"wp-block-list\">\n<li>asioista, joita voidaan tallettaa<\/li>\n\n\n\n<li>s\u00e4\u00e4st\u00e4misen rajoista<\/li>\n\n\n\n<li>ty\u00f6aikapankin lakkaamisesta<\/li>\n\n\n\n<li>vapaan k\u00e4ytt\u00e4misen periaatteista.<\/li>\n<\/ul>\n\n\n\n<p>Ty\u00f6aikapankkiin voidaan tallettaa ylit\u00f6iden ja liukumien tunteja. Lis\u00e4ksi ty\u00f6aikapankkiin voi siirt\u00e4\u00e4 rahallisia etuja, jotka on muutettu vapaa-ajaksi.<\/p>\n\n\n\n<p>S\u00e4\u00e4nn\u00f6llisen ty\u00f6ajan palkkaa ei saa siirt\u00e4\u00e4 ty\u00f6aikapankkiin. Laki s\u00e4\u00e4telee lis\u00e4ksi vapaan pit\u00e4misen m\u00e4\u00e4ri\u00e4 ja ajankohtia.<\/p>\n<\/div><\/div><\/div><\/div><\/div>\n\n\n\n<div class=\"wp-block-as-blocks-accordion-block\"><div class=\"accordion\"><div class=\"accordion-item\"><h4 class=\"accordion-header\" id=\"block-7c7be16c-7ccc-49b1-907c-62c818adc7e7heading\"><button class=\"accordion-button collapsed\" type=\"button\" data-bs-toggle=\"collapse\" data-bs-target=\"#block-7c7be16c-7ccc-49b1-907c-62c818adc7e7\" aria-expanded=\"false\" aria-controls=\"block-7c7be16c-7ccc-49b1-907c-62c818adc7e7\">Vuoroty\u00f6<\/button><\/h4><div id=\"block-7c7be16c-7ccc-49b1-907c-62c818adc7e7\" class=\"accordion-collapse collapse\" aria-labelledby=\"block-7c7be16c-7ccc-49b1-907c-62c818adc7e7heading\"><div class=\"accordion-body\">\n<p>Vuoroty\u00f6t\u00e4 tehd\u00e4\u00e4n kahdessa tai kolmessa vuorossa. Vuorot vaihtuvat s\u00e4\u00e4nn\u00f6llisesti sovituissa jaksoissa.<\/p>\n\n\n\n<p><strong>Ty\u00f6vuoroista sopiminen&nbsp;<\/strong><\/p>\n\n\n\n<p>Ty\u00f6nantaja p\u00e4\u00e4tt\u00e4\u00e4, milloin ja miten pitk\u00e4 ty\u00f6vuoro ty\u00f6ntekij\u00e4ll\u00e4 kulloinkin on. Ty\u00f6ajan sijoittelusta voidaan sopia my\u00f6s ty\u00f6sopimuksessa.<\/p>\n<\/div><\/div><\/div><\/div><\/div>\n\n\n\n<div class=\"wp-block-as-blocks-accordion-block\"><div class=\"accordion\"><div class=\"accordion-item\"><h4 class=\"accordion-header\" id=\"block-4018ff30-16ad-4e2e-9ae1-c8d474abd9c5heading\"><button class=\"accordion-button collapsed\" type=\"button\" data-bs-toggle=\"collapse\" data-bs-target=\"#block-4018ff30-16ad-4e2e-9ae1-c8d474abd9c5\" aria-expanded=\"false\" aria-controls=\"block-4018ff30-16ad-4e2e-9ae1-c8d474abd9c5\">Y\u00f6ty\u00f6<\/button><\/h4><div id=\"block-4018ff30-16ad-4e2e-9ae1-c8d474abd9c5\" class=\"accordion-collapse collapse\" aria-labelledby=\"block-4018ff30-16ad-4e2e-9ae1-c8d474abd9c5heading\"><div class=\"accordion-body\">\n<p>Y\u00f6ty\u00f6t\u00e4 tehd\u00e4\u00e4n kello 23:n ja 6:n v\u00e4lill\u00e4. Laki m\u00e4\u00e4rittelee ne teht\u00e4v\u00e4t, joissa saa teett\u00e4\u00e4 s\u00e4\u00e4nn\u00f6llist\u00e4 y\u00f6ty\u00f6t\u00e4. Tilap\u00e4inen y\u00f6ty\u00f6 on sallittua alasta riippumatta. Jos y\u00f6ty\u00f6 on vaarallista tai huomattavan raskasta, ty\u00f6aika saa olla enint\u00e4\u00e4n kahdeksan tuntia vuorokaudessa.<\/p>\n\n\n\n<p>Y\u00f6ty\u00f6 liittyy usein vuoroty\u00f6h\u00f6n. Vuoroty\u00f6ss\u00e4 vuorojen pit\u00e4\u00e4 vaihtua s\u00e4\u00e4nn\u00f6llisesti. Ohjeita vuoroty\u00f6st\u00e4 l\u00f6ytyy ty\u00f6ehtosopimuksista. Sopimuksissa on my\u00f6s m\u00e4\u00e4ritelty, milloin y\u00f6ty\u00f6st\u00e4 maksetaan erillinen korvaus.<\/p>\n<\/div><\/div><\/div><\/div><\/div>\n\n\n\n<div class=\"wp-block-as-blocks-accordion-block\"><div class=\"accordion\"><div class=\"accordion-item\"><h4 class=\"accordion-header\" id=\"block-0b19aeea-e962-4056-b27e-d2d7d81787a5heading\"><button class=\"accordion-button collapsed\" type=\"button\" data-bs-toggle=\"collapse\" data-bs-target=\"#block-0b19aeea-e962-4056-b27e-d2d7d81787a5\" aria-expanded=\"false\" aria-controls=\"block-0b19aeea-e962-4056-b27e-d2d7d81787a5\">Ty\u00f6vuoroluettelo<\/button><\/h4><div id=\"block-0b19aeea-e962-4056-b27e-d2d7d81787a5\" class=\"accordion-collapse collapse\" aria-labelledby=\"block-0b19aeea-e962-4056-b27e-d2d7d81787a5heading\"><div class=\"accordion-body\">\n<p>Ty\u00f6nantaja laatii etuk\u00e4teen ty\u00f6vuoroluettelon. Siit\u00e4 k\u00e4y ilmi, milloin ty\u00f6ntekij\u00e4n ty\u00f6aika alkaa ja p\u00e4\u00e4ttyy. Lis\u00e4ksi ty\u00f6vuoroluettelossa pit\u00e4\u00e4 olla taukojen ajat.<\/p>\n\n\n\n<p>Ty\u00f6vuoroluettelo laaditaan yleens\u00e4 yht\u00e4 pitk\u00e4ksi ajaksi kuin ty\u00f6ajan tasoittumisen suunnitelma, jos k\u00e4yt\u00f6ss\u00e4 on keskim\u00e4\u00e4r\u00e4inen ty\u00f6aika tai jaksoty\u00f6aika. Ty\u00f6vuoroluettelo saa kuitenkin olla voimassa toistaiseksi, jos s\u00e4\u00e4nn\u00f6llinen ty\u00f6aika ei vaihtele tai k\u00e4yt\u00f6ss\u00e4 on liukuva tai joustoty\u00f6aika.<\/p>\n\n\n\n<p>Ty\u00f6vuoroluettelo pit\u00e4\u00e4 antaa viikko ennen jakson alkua. T\u00e4m\u00e4n j\u00e4lkeen ty\u00f6nantaja saa muuttaa sit\u00e4 vain perustelusta syyst\u00e4 tai ty\u00f6ntekij\u00e4n suostumuksella. Jos luetteloon tehd\u00e4\u00e4n muutoksia, siit\u00e4 pit\u00e4\u00e4 ilmoittaa ty\u00f6ntekij\u00e4lle henkil\u00f6kohtaisesti.<\/p>\n\n\n\n<p>Ty\u00f6nantajan pit\u00e4\u00e4 kysy\u00e4 vaihtelevaa ty\u00f6aikaa tekev\u00e4lt\u00e4 ty\u00f6ntekij\u00e4lt\u00e4, suostuuko h\u00e4n tekem\u00e4\u00e4n v\u00e4himm\u00e4isty\u00f6aikaa enemm\u00e4n ty\u00f6vuoroja, jos niit\u00e4 on tarjolla.<\/p>\n\n\n\n<p>Ty\u00f6vuoroluettelosta voi olla m\u00e4\u00e4r\u00e4yksi\u00e4 my\u00f6s ty\u00f6ehtosopimuksissa. Joissain sopimuksissa on sovittu, ettei ty\u00f6nantaja saa koskaan muuttaa ty\u00f6vuoroluetteloa yksipuolisesti.<\/p>\n<\/div><\/div><\/div><\/div><\/div>\n\n\n\n<h2 class=\"wp-block-heading\">Varallaolo ja p\u00e4ivystys<\/h2>\n\n\n\n<p>Ty\u00f6nantaja ja ty\u00f6ntekij\u00e4 voivat sopia, ett\u00e4 ty\u00f6ntekij\u00e4 on vapaa-ajallaan tavoitettavissa ja ett\u00e4 h\u00e4net voidaan kutsua ty\u00f6h\u00f6n. Varallaolo ei ole ty\u00f6aikaa, koska ty\u00f6ntekij\u00e4 saa viett\u00e4\u00e4 vapaa-aikaa eik\u00e4 h\u00e4nen tarvitse olla ty\u00f6paikalla. Jos ty\u00f6ntekij\u00e4 kutsutaan varallaolon aikana ty\u00f6h\u00f6n, ty\u00f6 on luonnollisesti ty\u00f6aikaa. Joissain tilanteissa varallaolokin katsotaan ty\u00f6ajaksi.<\/p>\n\n\n\n<p>Varallaolosta on teht\u00e4v\u00e4 sopimus, jossa sovitaan korvauksesta ja muista ehdoista. Ep\u00e4selviss\u00e4 tilanteissa kannattaa ottaa yhteys luottamusmieheen tai ammattiliittoon.&nbsp;<\/p>\n\n\n\n<p>Ty\u00f6ntekij\u00e4 p\u00e4ivyst\u00e4\u00e4 yleens\u00e4 ty\u00f6paikalla. Ty\u00f6paikalla tapahtuva p\u00e4ivyst\u00e4minen lasketaan ty\u00f6ajaksi.<\/p>\n\n\n\n<h2 class=\"wp-block-heading\">Lis\u00e4- ja ylity\u00f6<\/h2>\n\n\n\n<p>Lis\u00e4ty\u00f6t\u00e4 on ty\u00f6ajan lis\u00e4ksi tehty ty\u00f6, joka ei ylit\u00e4 40:t\u00e4 tuntia viikossa. Enimm\u00e4isty\u00f6ajan ylitt\u00e4v\u00e4 ty\u00f6 on ylity\u00f6t\u00e4.<\/p>\n\n\n\n<p>Lis\u00e4- ja ylity\u00f6t\u00e4 tehd\u00e4\u00e4n ty\u00f6nantajan aloitteesta, mutta ty\u00f6ntekij\u00e4n suostumuksella. Lis\u00e4ty\u00f6st\u00e4 on voitu sopia my\u00f6s ty\u00f6sopimuksessa. Ei kuitenkaan vaihtelevan ty\u00f6ajan ty\u00f6sopimuksissa. <\/p>\n\n\n\n<p>Lis\u00e4ty\u00f6st\u00e4 maksetaan normaalia palkkaa ja ylity\u00f6st\u00e4 palkan lis\u00e4ksi ylity\u00f6korvausta. Lis\u00e4- ja ylity\u00f6st\u00e4 on yleens\u00e4 sovittu tarkemmin ty\u00f6ehtosopimuksissa.<\/p>\n\n\n\n<p>Ty\u00f6ehtosopimuksissa on m\u00e4\u00e4ritelty, milloin y\u00f6ty\u00f6st\u00e4 maksetaan erillinen korvaus. Ohjeita vuoroty\u00f6st\u00e4 l\u00f6ytyy ty\u00f6ehtosopimuksista.<\/p>\n<script type=\"text\/javascript\"> toolTips('.classtoolTips36','Ylity\u00f6korvausta maksetaan siit\u00e4 ty\u00f6st\u00e4, jota ty\u00f6ntekij\u00e4 tekee s\u00e4\u00e4nn\u00f6llisen ty\u00f6ajan enimm\u00e4ism\u00e4\u00e4r\u00e4n ylitt\u00e4v\u00e4ll\u00e4 ajalla. Ylity\u00f6n teett\u00e4minen vaatii aina ty\u00f6ntekij\u00e4n suostumuksen. sill\u00e4 ty\u00f6ntekij\u00e4\u00e4 ei voi vaatia tekem\u00e4\u00e4n ylit\u00f6it\u00e4.'); <\/script><script type=\"text\/javascript\"> toolTips('.classtoolTips38','<span class='tooltipsall tooltipsincontent classtoolTips38'>Ammattiliitto<\/span> parantaa ja puolustaa ty\u00f6ntekij\u00f6iden ty\u00f6ehtoja ja oikeuksia. Ammattiliiton keskeinen idea on, ett\u00e4 isona joukkona ty\u00f6ntekij\u00f6ill\u00e4 on parempi neuvotteluasema ty\u00f6nantajien kanssa verrattuna siihen, ett\u00e4 jokainen ty\u00f6ntekij\u00e4 neuvottelisi ty\u00f6ehdoistaan itse.<br\/><br\/>Ammattiliitto neuvottelee j\u00e4sentens\u00e4 ja heid\u00e4n ammattiryhm\u00e4ns\u00e4 tai toimialansa ty\u00f6ehdoista ty\u00f6nantajien edustajien kanssa. Ammattiliitto voi edist\u00e4\u00e4 ty\u00f6nantajille esitt\u00e4mi\u00e4\u00e4n vaatimuksia uhkaamalla lakolla ja tarvittaessa my\u00f6s toteuttaa t\u00e4m\u00e4n uhan.'); <\/script><script type=\"text\/javascript\"> toolTips('.classtoolTips59','S\u00e4\u00e4nn\u00f6llinen ty\u00f6aika on ty\u00f6aikalain mukaan enint\u00e4\u00e4n 8 tuntia vuorokaudessa tai 40 tuntia viikossa.'); <\/script>","protected":false},"excerpt":{"rendered":"<p>Ty\u00f6aikana ty\u00f6ntekij\u00e4n pit\u00e4\u00e4 olla ty\u00f6paikalla. Kodin ja ty\u00f6paikan v\u00e4linen matka ei ole ty\u00f6aikaa. Matka on ty\u00f6aikaa silloin, jos sit\u00e4 pidet\u00e4\u00e4n ty\u00f6suorituksena. Ty\u00f6nantajan kanssa voi sopia matkan aikana teht\u00e4v\u00e4st\u00e4 ty\u00f6st\u00e4. Ty\u00f6ajaksi matka katsotaan silloin, kun ty\u00f6p\u00e4iv\u00e4n aikana liikutaan asiakaskohteesta toiseen.\u202f Voit v\u00e4hent\u00e4\u00e4 ty\u00f6matkojen kulut verotuksessasi. Mik\u00e4 on s\u00e4\u00e4nn\u00f6llinen Ty\u00f6aika? S\u00e4\u00e4nn\u00f6llinen ty\u00f6aika on lain mukaan enint\u00e4\u00e4n kahdeksan [&hellip;]<\/p>\n","protected":false},"author":2,"featured_media":0,"parent":5603,"menu_order":4,"comment_status":"closed","ping_status":"closed","template":"","meta":{"_acf_changed":false,"footnotes":""},"asiasana":[34],"omistaja":[],"class_list":["post-5619","page","type-page","status-publish","hentry","asiasana-tyosuhde"],"acf":[],"yoast_head":"<!-- This site is optimized with the Yoast SEO plugin v26.5 - https:\/\/yoast.com\/wordpress\/plugins\/seo\/ -->\n<title>Ty\u00f6aika - Ty\u00f6el\u00e4m\u00e4\u00e4n.fi<\/title>\n<meta name=\"robots\" content=\"index, follow, max-snippet:-1, max-image-preview:large, max-video-preview:-1\" \/>\n<link rel=\"canonical\" href=\"https:\/\/tyoelamaan.staging.web-veistamo.fi\/tyosuhde\/tyoaika\/\" \/>\n<meta property=\"og:locale\" content=\"fi_FI\" \/>\n<meta property=\"og:type\" content=\"article\" \/>\n<meta property=\"og:title\" content=\"Ty\u00f6aika - Ty\u00f6el\u00e4m\u00e4\u00e4n.fi\" \/>\n<meta property=\"og:description\" content=\"Ty\u00f6aikana ty\u00f6ntekij\u00e4n pit\u00e4\u00e4 olla ty\u00f6paikalla. Kodin ja ty\u00f6paikan v\u00e4linen matka ei ole ty\u00f6aikaa. Matka on ty\u00f6aikaa silloin, jos sit\u00e4 pidet\u00e4\u00e4n ty\u00f6suorituksena. Ty\u00f6nantajan kanssa voi sopia matkan aikana teht\u00e4v\u00e4st\u00e4 ty\u00f6st\u00e4. Ty\u00f6ajaksi matka katsotaan silloin, kun ty\u00f6p\u00e4iv\u00e4n aikana liikutaan asiakaskohteesta toiseen.\u202f Voit v\u00e4hent\u00e4\u00e4 ty\u00f6matkojen kulut verotuksessasi. Mik\u00e4 on s\u00e4\u00e4nn\u00f6llinen Ty\u00f6aika? S\u00e4\u00e4nn\u00f6llinen ty\u00f6aika on lain mukaan enint\u00e4\u00e4n kahdeksan [&hellip;]\" \/>\n<meta property=\"og:url\" content=\"https:\/\/tyoelamaan.staging.web-veistamo.fi\/tyosuhde\/tyoaika\/\" \/>\n<meta property=\"og:site_name\" content=\"Ty\u00f6el\u00e4m\u00e4\u00e4n.fi\" \/>\n<meta property=\"article:modified_time\" content=\"2024-12-17T04:19:36+00:00\" \/>\n<meta name=\"twitter:card\" content=\"summary_large_image\" \/>\n<meta name=\"twitter:label1\" content=\"Est. reading time\" \/>\n\t<meta name=\"twitter:data1\" content=\"2 minutes\" \/>\n<script type=\"application\/ld+json\" class=\"yoast-schema-graph\">{\"@context\":\"https:\/\/schema.org\",\"@graph\":[{\"@type\":\"WebPage\",\"@id\":\"https:\/\/tyoelamaan.staging.web-veistamo.fi\/tyosuhde\/tyoaika\/\",\"url\":\"https:\/\/tyoelamaan.staging.web-veistamo.fi\/tyosuhde\/tyoaika\/\",\"name\":\"Ty\u00f6aika - Ty\u00f6el\u00e4m\u00e4\u00e4n.fi\",\"isPartOf\":{\"@id\":\"https:\/\/tyoelamaan.staging.web-veistamo.fi\/#website\"},\"datePublished\":\"2022-02-24T11:08:26+00:00\",\"dateModified\":\"2024-12-17T04:19:36+00:00\",\"breadcrumb\":{\"@id\":\"https:\/\/tyoelamaan.staging.web-veistamo.fi\/tyosuhde\/tyoaika\/#breadcrumb\"},\"inLanguage\":\"fi-selko\",\"potentialAction\":[{\"@type\":\"ReadAction\",\"target\":[\"https:\/\/tyoelamaan.staging.web-veistamo.fi\/tyosuhde\/tyoaika\/\"]}]},{\"@type\":\"BreadcrumbList\",\"@id\":\"https:\/\/tyoelamaan.staging.web-veistamo.fi\/tyosuhde\/tyoaika\/#breadcrumb\",\"itemListElement\":[{\"@type\":\"ListItem\",\"position\":1,\"name\":\"Home\",\"item\":\"https:\/\/tyoelamaan.staging.web-veistamo.fi\/selko\/\"},{\"@type\":\"ListItem\",\"position\":2,\"name\":\"Ty\u00f6suhde\",\"item\":\"https:\/\/tyoelamaan.staging.web-veistamo.fi\/tyosuhde\/\"},{\"@type\":\"ListItem\",\"position\":3,\"name\":\"Ty\u00f6aika\"}]},{\"@type\":\"WebSite\",\"@id\":\"https:\/\/tyoelamaan.staging.web-veistamo.fi\/#website\",\"url\":\"https:\/\/tyoelamaan.staging.web-veistamo.fi\/\",\"name\":\"Ty\u00f6el\u00e4m\u00e4\u00e4n.fi\",\"description\":\"\",\"publisher\":{\"@id\":\"https:\/\/tyoelamaan.staging.web-veistamo.fi\/#organization\"},\"potentialAction\":[{\"@type\":\"SearchAction\",\"target\":{\"@type\":\"EntryPoint\",\"urlTemplate\":\"https:\/\/tyoelamaan.staging.web-veistamo.fi\/?s={search_term_string}\"},\"query-input\":{\"@type\":\"PropertyValueSpecification\",\"valueRequired\":true,\"valueName\":\"search_term_string\"}}],\"inLanguage\":\"fi-selko\"},{\"@type\":\"Organization\",\"@id\":\"https:\/\/tyoelamaan.staging.web-veistamo.fi\/#organization\",\"name\":\"Ty\u00f6el\u00e4m\u00e4\u00e4n.fi\",\"url\":\"https:\/\/tyoelamaan.staging.web-veistamo.fi\/\",\"logo\":{\"@type\":\"ImageObject\",\"inLanguage\":\"fi-selko\",\"@id\":\"https:\/\/tyoelamaan.staging.web-veistamo.fi\/#\/schema\/logo\/image\/\",\"url\":\"https:\/\/tyoelamaan.staging.web-veistamo.fi\/wp-content\/uploads\/2024\/11\/tyoelamaan_logo.svg\",\"contentUrl\":\"https:\/\/tyoelamaan.staging.web-veistamo.fi\/wp-content\/uploads\/2024\/11\/tyoelamaan_logo.svg\",\"width\":131,\"height\":30,\"caption\":\"Ty\u00f6el\u00e4m\u00e4\u00e4n.fi\"},\"image\":{\"@id\":\"https:\/\/tyoelamaan.staging.web-veistamo.fi\/#\/schema\/logo\/image\/\"}}]}<\/script>\n<!-- \/ Yoast SEO plugin. -->","yoast_head_json":{"title":"Ty\u00f6aika - Ty\u00f6el\u00e4m\u00e4\u00e4n.fi","robots":{"index":"index","follow":"follow","max-snippet":"max-snippet:-1","max-image-preview":"max-image-preview:large","max-video-preview":"max-video-preview:-1"},"canonical":"https:\/\/tyoelamaan.staging.web-veistamo.fi\/tyosuhde\/tyoaika\/","og_locale":"fi_FI","og_type":"article","og_title":"Ty\u00f6aika - Ty\u00f6el\u00e4m\u00e4\u00e4n.fi","og_description":"Ty\u00f6aikana ty\u00f6ntekij\u00e4n pit\u00e4\u00e4 olla ty\u00f6paikalla. Kodin ja ty\u00f6paikan v\u00e4linen matka ei ole ty\u00f6aikaa. Matka on ty\u00f6aikaa silloin, jos sit\u00e4 pidet\u00e4\u00e4n ty\u00f6suorituksena. Ty\u00f6nantajan kanssa voi sopia matkan aikana teht\u00e4v\u00e4st\u00e4 ty\u00f6st\u00e4. Ty\u00f6ajaksi matka katsotaan silloin, kun ty\u00f6p\u00e4iv\u00e4n aikana liikutaan asiakaskohteesta toiseen.\u202f Voit v\u00e4hent\u00e4\u00e4 ty\u00f6matkojen kulut verotuksessasi. Mik\u00e4 on s\u00e4\u00e4nn\u00f6llinen Ty\u00f6aika? S\u00e4\u00e4nn\u00f6llinen ty\u00f6aika on lain mukaan enint\u00e4\u00e4n kahdeksan [&hellip;]","og_url":"https:\/\/tyoelamaan.staging.web-veistamo.fi\/tyosuhde\/tyoaika\/","og_site_name":"Ty\u00f6el\u00e4m\u00e4\u00e4n.fi","article_modified_time":"2024-12-17T04:19:36+00:00","twitter_card":"summary_large_image","twitter_misc":{"Est. reading time":"2 minutes"},"schema":{"@context":"https:\/\/schema.org","@graph":[{"@type":"WebPage","@id":"https:\/\/tyoelamaan.staging.web-veistamo.fi\/tyosuhde\/tyoaika\/","url":"https:\/\/tyoelamaan.staging.web-veistamo.fi\/tyosuhde\/tyoaika\/","name":"Ty\u00f6aika - Ty\u00f6el\u00e4m\u00e4\u00e4n.fi","isPartOf":{"@id":"https:\/\/tyoelamaan.staging.web-veistamo.fi\/#website"},"datePublished":"2022-02-24T11:08:26+00:00","dateModified":"2024-12-17T04:19:36+00:00","breadcrumb":{"@id":"https:\/\/tyoelamaan.staging.web-veistamo.fi\/tyosuhde\/tyoaika\/#breadcrumb"},"inLanguage":"fi-selko","potentialAction":[{"@type":"ReadAction","target":["https:\/\/tyoelamaan.staging.web-veistamo.fi\/tyosuhde\/tyoaika\/"]}]},{"@type":"BreadcrumbList","@id":"https:\/\/tyoelamaan.staging.web-veistamo.fi\/tyosuhde\/tyoaika\/#breadcrumb","itemListElement":[{"@type":"ListItem","position":1,"name":"Home","item":"https:\/\/tyoelamaan.staging.web-veistamo.fi\/selko\/"},{"@type":"ListItem","position":2,"name":"Ty\u00f6suhde","item":"https:\/\/tyoelamaan.staging.web-veistamo.fi\/tyosuhde\/"},{"@type":"ListItem","position":3,"name":"Ty\u00f6aika"}]},{"@type":"WebSite","@id":"https:\/\/tyoelamaan.staging.web-veistamo.fi\/#website","url":"https:\/\/tyoelamaan.staging.web-veistamo.fi\/","name":"Ty\u00f6el\u00e4m\u00e4\u00e4n.fi","description":"","publisher":{"@id":"https:\/\/tyoelamaan.staging.web-veistamo.fi\/#organization"},"potentialAction":[{"@type":"SearchAction","target":{"@type":"EntryPoint","urlTemplate":"https:\/\/tyoelamaan.staging.web-veistamo.fi\/?s={search_term_string}"},"query-input":{"@type":"PropertyValueSpecification","valueRequired":true,"valueName":"search_term_string"}}],"inLanguage":"fi-selko"},{"@type":"Organization","@id":"https:\/\/tyoelamaan.staging.web-veistamo.fi\/#organization","name":"Ty\u00f6el\u00e4m\u00e4\u00e4n.fi","url":"https:\/\/tyoelamaan.staging.web-veistamo.fi\/","logo":{"@type":"ImageObject","inLanguage":"fi-selko","@id":"https:\/\/tyoelamaan.staging.web-veistamo.fi\/#\/schema\/logo\/image\/","url":"https:\/\/tyoelamaan.staging.web-veistamo.fi\/wp-content\/uploads\/2024\/11\/tyoelamaan_logo.svg","contentUrl":"https:\/\/tyoelamaan.staging.web-veistamo.fi\/wp-content\/uploads\/2024\/11\/tyoelamaan_logo.svg","width":131,"height":30,"caption":"Ty\u00f6el\u00e4m\u00e4\u00e4n.fi"},"image":{"@id":"https:\/\/tyoelamaan.staging.web-veistamo.fi\/#\/schema\/logo\/image\/"}}]}},"_links":{"self":[{"href":"https:\/\/tyoelamaan.staging.web-veistamo.fi\/selko\/wp-json\/wp\/v2\/pages\/5619","targetHints":{"allow":["GET"]}}],"collection":[{"href":"https:\/\/tyoelamaan.staging.web-veistamo.fi\/selko\/wp-json\/wp\/v2\/pages"}],"about":[{"href":"https:\/\/tyoelamaan.staging.web-veistamo.fi\/selko\/wp-json\/wp\/v2\/types\/page"}],"author":[{"embeddable":true,"href":"https:\/\/tyoelamaan.staging.web-veistamo.fi\/selko\/wp-json\/wp\/v2\/users\/2"}],"replies":[{"embeddable":true,"href":"https:\/\/tyoelamaan.staging.web-veistamo.fi\/selko\/wp-json\/wp\/v2\/comments?post=5619"}],"version-history":[{"count":5,"href":"https:\/\/tyoelamaan.staging.web-veistamo.fi\/selko\/wp-json\/wp\/v2\/pages\/5619\/revisions"}],"predecessor-version":[{"id":12509,"href":"https:\/\/tyoelamaan.staging.web-veistamo.fi\/selko\/wp-json\/wp\/v2\/pages\/5619\/revisions\/12509"}],"up":[{"embeddable":true,"href":"https:\/\/tyoelamaan.staging.web-veistamo.fi\/selko\/wp-json\/wp\/v2\/pages\/5603"}],"wp:attachment":[{"href":"https:\/\/tyoelamaan.staging.web-veistamo.fi\/selko\/wp-json\/wp\/v2\/media?parent=5619"}],"wp:term":[{"taxonomy":"asiasana","embeddable":true,"href":"https:\/\/tyoelamaan.staging.web-veistamo.fi\/selko\/wp-json\/wp\/v2\/asiasana?post=5619"},{"taxonomy":"omistaja","embeddable":true,"href":"https:\/\/tyoelamaan.staging.web-veistamo.fi\/selko\/wp-json\/wp\/v2\/omistaja?post=5619"}],"curies":[{"name":"wp","href":"https:\/\/api.w.org\/{rel}","templated":true}]}}