{"id":5603,"date":"2022-02-24T11:04:46","date_gmt":"2022-02-24T09:04:46","guid":{"rendered":"https:\/\/tyoelamaan.fi\/?page_id=5603"},"modified":"2024-12-17T06:19:33","modified_gmt":"2024-12-17T04:19:33","slug":"tyosuhde","status":"publish","type":"page","link":"https:\/\/tyoelamaan.staging.web-veistamo.fi\/selko\/tyosuhde\/","title":{"rendered":"Ty\u00f6suhde"},"content":{"rendered":"\n<p>Ty\u00f6suhde syntyy, kun ty\u00f6nantaja ja ty\u00f6ntekij\u00e4 sopivat ty\u00f6n tekemisest\u00e4. Ty\u00f6 tehd\u00e4\u00e4n ty\u00f6nantajan valvonnassa ja ty\u00f6st\u00e4 maksetaan palkkaa.<\/p>\n\n\n\n<p>Ty\u00f6t\u00e4 voidaan tehd\u00e4 vakituisesti, kokoaikaisesti, m\u00e4\u00e4r\u00e4aikaisesti ja osa-aikaisesti. Ty\u00f6suhteesi vaikuttaa siihen, miten ty\u00f6aikasi tai lomasi m\u00e4\u00e4r\u00e4ytyv\u00e4t. Se m\u00e4\u00e4r\u00e4\u00e4 my\u00f6s, kuinka menetell\u00e4\u00e4n, jos sairastut.<\/p>\n\n\n\n<p>Varmista heti aluksi, ett\u00e4 ty\u00f6sopimuksessa oikeutesi ja velvollisuutesi ovat oikein. Tarkista my\u00f6s, mit\u00e4 tapahtuu, kun ty\u00f6suhde p\u00e4\u00e4ttyy.<\/p>\n<script type=\"text\/javascript\"> toolTips('.classtoolTips59','S\u00e4\u00e4nn\u00f6llinen ty\u00f6aika on ty\u00f6aikalain mukaan enint\u00e4\u00e4n 8 tuntia vuorokaudessa tai 40 tuntia viikossa.'); <\/script>","protected":false},"excerpt":{"rendered":"<p>Ty\u00f6suhde syntyy, kun ty\u00f6nantaja ja ty\u00f6ntekij\u00e4 sopivat ty\u00f6n tekemisest\u00e4. Ty\u00f6 tehd\u00e4\u00e4n ty\u00f6nantajan valvonnassa ja ty\u00f6st\u00e4 maksetaan palkkaa. Ty\u00f6t\u00e4 voidaan tehd\u00e4 vakituisesti, kokoaikaisesti, m\u00e4\u00e4r\u00e4aikaisesti ja osa-aikaisesti. Ty\u00f6suhteesi vaikuttaa siihen, miten ty\u00f6aikasi tai lomasi m\u00e4\u00e4r\u00e4ytyv\u00e4t. Se m\u00e4\u00e4r\u00e4\u00e4 my\u00f6s, kuinka menetell\u00e4\u00e4n, jos sairastut. Varmista heti aluksi, ett\u00e4 ty\u00f6sopimuksessa oikeutesi ja velvollisuutesi ovat oikein. Tarkista my\u00f6s, mit\u00e4 tapahtuu, kun [&hellip;]<\/p>\n","protected":false},"author":2,"featured_media":0,"parent":0,"menu_order":0,"comment_status":"closed","ping_status":"closed","template":"","meta":{"_acf_changed":false,"footnotes":""},"asiasana":[],"omistaja":[],"class_list":["post-5603","page","type-page","status-publish","hentry"],"acf":[],"yoast_head":"<!-- This site is optimized with the Yoast SEO plugin v26.5 - https:\/\/yoast.com\/wordpress\/plugins\/seo\/ -->\n<title>Ty\u00f6suhde - Ty\u00f6el\u00e4m\u00e4\u00e4n.fi<\/title>\n<meta name=\"robots\" content=\"index, follow, max-snippet:-1, max-image-preview:large, max-video-preview:-1\" \/>\n<link rel=\"canonical\" href=\"https:\/\/tyoelamaan.staging.web-veistamo.fi\/tyosuhde\/\" \/>\n<meta property=\"og:locale\" content=\"fi_FI\" \/>\n<meta property=\"og:type\" content=\"article\" \/>\n<meta property=\"og:title\" content=\"Ty\u00f6suhde - Ty\u00f6el\u00e4m\u00e4\u00e4n.fi\" \/>\n<meta property=\"og:description\" content=\"Ty\u00f6suhde syntyy, kun ty\u00f6nantaja ja ty\u00f6ntekij\u00e4 sopivat ty\u00f6n tekemisest\u00e4. Ty\u00f6 tehd\u00e4\u00e4n ty\u00f6nantajan valvonnassa ja ty\u00f6st\u00e4 maksetaan palkkaa. Ty\u00f6t\u00e4 voidaan tehd\u00e4 vakituisesti, kokoaikaisesti, m\u00e4\u00e4r\u00e4aikaisesti ja osa-aikaisesti. Ty\u00f6suhteesi vaikuttaa siihen, miten ty\u00f6aikasi tai lomasi m\u00e4\u00e4r\u00e4ytyv\u00e4t. Se m\u00e4\u00e4r\u00e4\u00e4 my\u00f6s, kuinka menetell\u00e4\u00e4n, jos sairastut. Varmista heti aluksi, ett\u00e4 ty\u00f6sopimuksessa oikeutesi ja velvollisuutesi ovat oikein. Tarkista my\u00f6s, mit\u00e4 tapahtuu, kun [&hellip;]\" \/>\n<meta property=\"og:url\" content=\"https:\/\/tyoelamaan.staging.web-veistamo.fi\/tyosuhde\/\" \/>\n<meta property=\"og:site_name\" content=\"Ty\u00f6el\u00e4m\u00e4\u00e4n.fi\" \/>\n<meta property=\"article:modified_time\" content=\"2024-12-17T04:19:33+00:00\" \/>\n<meta name=\"twitter:card\" content=\"summary_large_image\" \/>\n<meta name=\"twitter:label1\" content=\"Est. reading time\" \/>\n\t<meta name=\"twitter:data1\" content=\"1 minute\" \/>\n<script type=\"application\/ld+json\" class=\"yoast-schema-graph\">{\"@context\":\"https:\/\/schema.org\",\"@graph\":[{\"@type\":\"WebPage\",\"@id\":\"https:\/\/tyoelamaan.staging.web-veistamo.fi\/tyosuhde\/\",\"url\":\"https:\/\/tyoelamaan.staging.web-veistamo.fi\/tyosuhde\/\",\"name\":\"Ty\u00f6suhde - Ty\u00f6el\u00e4m\u00e4\u00e4n.fi\",\"isPartOf\":{\"@id\":\"https:\/\/tyoelamaan.staging.web-veistamo.fi\/#website\"},\"datePublished\":\"2022-02-24T09:04:46+00:00\",\"dateModified\":\"2024-12-17T04:19:33+00:00\",\"breadcrumb\":{\"@id\":\"https:\/\/tyoelamaan.staging.web-veistamo.fi\/tyosuhde\/#breadcrumb\"},\"inLanguage\":\"fi-selko\",\"potentialAction\":[{\"@type\":\"ReadAction\",\"target\":[\"https:\/\/tyoelamaan.staging.web-veistamo.fi\/tyosuhde\/\"]}]},{\"@type\":\"BreadcrumbList\",\"@id\":\"https:\/\/tyoelamaan.staging.web-veistamo.fi\/tyosuhde\/#breadcrumb\",\"itemListElement\":[{\"@type\":\"ListItem\",\"position\":1,\"name\":\"Home\",\"item\":\"https:\/\/tyoelamaan.staging.web-veistamo.fi\/selko\/\"},{\"@type\":\"ListItem\",\"position\":2,\"name\":\"Ty\u00f6suhde\"}]},{\"@type\":\"WebSite\",\"@id\":\"https:\/\/tyoelamaan.staging.web-veistamo.fi\/#website\",\"url\":\"https:\/\/tyoelamaan.staging.web-veistamo.fi\/\",\"name\":\"Ty\u00f6el\u00e4m\u00e4\u00e4n.fi\",\"description\":\"\",\"publisher\":{\"@id\":\"https:\/\/tyoelamaan.staging.web-veistamo.fi\/#organization\"},\"potentialAction\":[{\"@type\":\"SearchAction\",\"target\":{\"@type\":\"EntryPoint\",\"urlTemplate\":\"https:\/\/tyoelamaan.staging.web-veistamo.fi\/?s={search_term_string}\"},\"query-input\":{\"@type\":\"PropertyValueSpecification\",\"valueRequired\":true,\"valueName\":\"search_term_string\"}}],\"inLanguage\":\"fi-selko\"},{\"@type\":\"Organization\",\"@id\":\"https:\/\/tyoelamaan.staging.web-veistamo.fi\/#organization\",\"name\":\"Ty\u00f6el\u00e4m\u00e4\u00e4n.fi\",\"url\":\"https:\/\/tyoelamaan.staging.web-veistamo.fi\/\",\"logo\":{\"@type\":\"ImageObject\",\"inLanguage\":\"fi-selko\",\"@id\":\"https:\/\/tyoelamaan.staging.web-veistamo.fi\/#\/schema\/logo\/image\/\",\"url\":\"https:\/\/tyoelamaan.staging.web-veistamo.fi\/wp-content\/uploads\/2024\/11\/tyoelamaan_logo.svg\",\"contentUrl\":\"https:\/\/tyoelamaan.staging.web-veistamo.fi\/wp-content\/uploads\/2024\/11\/tyoelamaan_logo.svg\",\"width\":131,\"height\":30,\"caption\":\"Ty\u00f6el\u00e4m\u00e4\u00e4n.fi\"},\"image\":{\"@id\":\"https:\/\/tyoelamaan.staging.web-veistamo.fi\/#\/schema\/logo\/image\/\"}}]}<\/script>\n<!-- \/ Yoast SEO plugin. -->","yoast_head_json":{"title":"Ty\u00f6suhde - Ty\u00f6el\u00e4m\u00e4\u00e4n.fi","robots":{"index":"index","follow":"follow","max-snippet":"max-snippet:-1","max-image-preview":"max-image-preview:large","max-video-preview":"max-video-preview:-1"},"canonical":"https:\/\/tyoelamaan.staging.web-veistamo.fi\/tyosuhde\/","og_locale":"fi_FI","og_type":"article","og_title":"Ty\u00f6suhde - Ty\u00f6el\u00e4m\u00e4\u00e4n.fi","og_description":"Ty\u00f6suhde syntyy, kun ty\u00f6nantaja ja ty\u00f6ntekij\u00e4 sopivat ty\u00f6n tekemisest\u00e4. Ty\u00f6 tehd\u00e4\u00e4n ty\u00f6nantajan valvonnassa ja ty\u00f6st\u00e4 maksetaan palkkaa. Ty\u00f6t\u00e4 voidaan tehd\u00e4 vakituisesti, kokoaikaisesti, m\u00e4\u00e4r\u00e4aikaisesti ja osa-aikaisesti. Ty\u00f6suhteesi vaikuttaa siihen, miten ty\u00f6aikasi tai lomasi m\u00e4\u00e4r\u00e4ytyv\u00e4t. Se m\u00e4\u00e4r\u00e4\u00e4 my\u00f6s, kuinka menetell\u00e4\u00e4n, jos sairastut. Varmista heti aluksi, ett\u00e4 ty\u00f6sopimuksessa oikeutesi ja velvollisuutesi ovat oikein. Tarkista my\u00f6s, mit\u00e4 tapahtuu, kun [&hellip;]","og_url":"https:\/\/tyoelamaan.staging.web-veistamo.fi\/tyosuhde\/","og_site_name":"Ty\u00f6el\u00e4m\u00e4\u00e4n.fi","article_modified_time":"2024-12-17T04:19:33+00:00","twitter_card":"summary_large_image","twitter_misc":{"Est. reading time":"1 minute"},"schema":{"@context":"https:\/\/schema.org","@graph":[{"@type":"WebPage","@id":"https:\/\/tyoelamaan.staging.web-veistamo.fi\/tyosuhde\/","url":"https:\/\/tyoelamaan.staging.web-veistamo.fi\/tyosuhde\/","name":"Ty\u00f6suhde - Ty\u00f6el\u00e4m\u00e4\u00e4n.fi","isPartOf":{"@id":"https:\/\/tyoelamaan.staging.web-veistamo.fi\/#website"},"datePublished":"2022-02-24T09:04:46+00:00","dateModified":"2024-12-17T04:19:33+00:00","breadcrumb":{"@id":"https:\/\/tyoelamaan.staging.web-veistamo.fi\/tyosuhde\/#breadcrumb"},"inLanguage":"fi-selko","potentialAction":[{"@type":"ReadAction","target":["https:\/\/tyoelamaan.staging.web-veistamo.fi\/tyosuhde\/"]}]},{"@type":"BreadcrumbList","@id":"https:\/\/tyoelamaan.staging.web-veistamo.fi\/tyosuhde\/#breadcrumb","itemListElement":[{"@type":"ListItem","position":1,"name":"Home","item":"https:\/\/tyoelamaan.staging.web-veistamo.fi\/selko\/"},{"@type":"ListItem","position":2,"name":"Ty\u00f6suhde"}]},{"@type":"WebSite","@id":"https:\/\/tyoelamaan.staging.web-veistamo.fi\/#website","url":"https:\/\/tyoelamaan.staging.web-veistamo.fi\/","name":"Ty\u00f6el\u00e4m\u00e4\u00e4n.fi","description":"","publisher":{"@id":"https:\/\/tyoelamaan.staging.web-veistamo.fi\/#organization"},"potentialAction":[{"@type":"SearchAction","target":{"@type":"EntryPoint","urlTemplate":"https:\/\/tyoelamaan.staging.web-veistamo.fi\/?s={search_term_string}"},"query-input":{"@type":"PropertyValueSpecification","valueRequired":true,"valueName":"search_term_string"}}],"inLanguage":"fi-selko"},{"@type":"Organization","@id":"https:\/\/tyoelamaan.staging.web-veistamo.fi\/#organization","name":"Ty\u00f6el\u00e4m\u00e4\u00e4n.fi","url":"https:\/\/tyoelamaan.staging.web-veistamo.fi\/","logo":{"@type":"ImageObject","inLanguage":"fi-selko","@id":"https:\/\/tyoelamaan.staging.web-veistamo.fi\/#\/schema\/logo\/image\/","url":"https:\/\/tyoelamaan.staging.web-veistamo.fi\/wp-content\/uploads\/2024\/11\/tyoelamaan_logo.svg","contentUrl":"https:\/\/tyoelamaan.staging.web-veistamo.fi\/wp-content\/uploads\/2024\/11\/tyoelamaan_logo.svg","width":131,"height":30,"caption":"Ty\u00f6el\u00e4m\u00e4\u00e4n.fi"},"image":{"@id":"https:\/\/tyoelamaan.staging.web-veistamo.fi\/#\/schema\/logo\/image\/"}}]}},"_links":{"self":[{"href":"https:\/\/tyoelamaan.staging.web-veistamo.fi\/selko\/wp-json\/wp\/v2\/pages\/5603","targetHints":{"allow":["GET"]}}],"collection":[{"href":"https:\/\/tyoelamaan.staging.web-veistamo.fi\/selko\/wp-json\/wp\/v2\/pages"}],"about":[{"href":"https:\/\/tyoelamaan.staging.web-veistamo.fi\/selko\/wp-json\/wp\/v2\/types\/page"}],"author":[{"embeddable":true,"href":"https:\/\/tyoelamaan.staging.web-veistamo.fi\/selko\/wp-json\/wp\/v2\/users\/2"}],"replies":[{"embeddable":true,"href":"https:\/\/tyoelamaan.staging.web-veistamo.fi\/selko\/wp-json\/wp\/v2\/comments?post=5603"}],"version-history":[{"count":1,"href":"https:\/\/tyoelamaan.staging.web-veistamo.fi\/selko\/wp-json\/wp\/v2\/pages\/5603\/revisions"}],"predecessor-version":[{"id":5604,"href":"https:\/\/tyoelamaan.staging.web-veistamo.fi\/selko\/wp-json\/wp\/v2\/pages\/5603\/revisions\/5604"}],"wp:attachment":[{"href":"https:\/\/tyoelamaan.staging.web-veistamo.fi\/selko\/wp-json\/wp\/v2\/media?parent=5603"}],"wp:term":[{"taxonomy":"asiasana","embeddable":true,"href":"https:\/\/tyoelamaan.staging.web-veistamo.fi\/selko\/wp-json\/wp\/v2\/asiasana?post=5603"},{"taxonomy":"omistaja","embeddable":true,"href":"https:\/\/tyoelamaan.staging.web-veistamo.fi\/selko\/wp-json\/wp\/v2\/omistaja?post=5603"}],"curies":[{"name":"wp","href":"https:\/\/api.w.org\/{rel}","templated":true}]}}