{"id":4484,"date":"2021-04-09T14:28:59","date_gmt":"2021-04-09T11:28:59","guid":{"rendered":"https:\/\/tyoelamaan.fi\/?page_id=4484"},"modified":"2024-12-17T06:19:26","modified_gmt":"2024-12-17T04:19:26","slug":"sinustako-yrittaja","status":"publish","type":"page","link":"https:\/\/tyoelamaan.staging.web-veistamo.fi\/selko\/mina-tyoelamassa\/sinustako-yrittaja\/","title":{"rendered":"Sinustako yritt\u00e4j\u00e4?"},"content":{"rendered":"\n<p>Yritt\u00e4j\u00e4ksi voi ryhty\u00e4, jos on idea ja uskoa onnistumiseen.<\/p>\n\n\n\n<p>Suomessa on viisi erilaista yritysmuotoa: yksityinen elinkeinonharjoittaja (toiminimi), osakeyhti\u00f6, kommandiittiyhti\u00f6, avoin yhti\u00f6 ja osuuskunta.<\/p>\n\n\n\n<h2 class=\"wp-block-heading\">Yritt\u00e4jyys vai palkkaty\u00f6?<\/h2>\n\n\n\n<p>Yritt\u00e4j\u00e4n ty\u00f6ss\u00e4 on sek\u00e4 hyvi\u00e4 ett\u00e4 huonoja puolia. Yritt\u00e4j\u00e4n tulot saattavat vaihdella paljon. Sen sijaan palkansaaja saa aina sovitun rahasumman.<\/p>\n\n\n\n<div class=\"wp-block-columns is-layout-flex wp-container-core-columns-is-layout-28f84493 wp-block-columns-is-layout-flex\">\n<div class=\"wp-block-column is-layout-flow wp-block-column-is-layout-flow\">\n<figure class=\"wp-block-image size-large\"><img decoding=\"async\" src=\"https:\/\/tyoelamaan.staging.web-veistamo.fi\/wp-content\/uploads\/2021\/04\/freelancer-1024x998.jpg\" alt=\"freelancer\" class=\"wp-image-4525\"\/><\/figure>\n<\/div>\n\n\n\n<div class=\"wp-block-column is-layout-flow wp-block-column-is-layout-flow\">\n<p>Yritt\u00e4j\u00e4 saa p\u00e4\u00e4tt\u00e4\u00e4 omasta ty\u00f6st\u00e4\u00e4n. H\u00e4n voi itse m\u00e4\u00e4r\u00e4t\u00e4 ty\u00f6ajat, hinnat ja ty\u00f6tavat. Palkansaaja ei p\u00e4\u00e4t\u00e4 n\u00e4ist\u00e4, vaan niist\u00e4 m\u00e4\u00e4r\u00e4\u00e4 h\u00e4nen ty\u00f6nantajansa.<\/p>\n\n\n\n<p>Yritt\u00e4j\u00e4 ei saa ty\u00f6tt\u00f6myyskorvausta, vaikka tulot olisivat pienet tai loppuisivat kokonaan. Jos yritt\u00e4j\u00e4 on sivutoiminen, h\u00e4n on ty\u00f6tt\u00f6m\u00e4n\u00e4 oikeutettu korvaukseen. Palkansaajalle maksetaan ty\u00f6n loppuessa ty\u00f6tt\u00f6myyskorvausta, jos h\u00e4n ei ole aiheuttanut itse ty\u00f6n p\u00e4\u00e4ttymist\u00e4.<\/p>\n\n\n\n<p>Yritt\u00e4j\u00e4 maksaa sosiaaliturvansa ja el\u00e4kemaksunsa itse. Palkansaajalla ty\u00f6nantaja maksaa niist\u00e4 suuren osan.<\/p>\n<\/div>\n<\/div>\n\n\n\n<h2 class=\"wp-block-heading\">Erilaisia yrityksi\u00e4<\/h2>\n\n\n\n\n\n<h2 class=\"wp-block-heading\">Itsens\u00e4 ty\u00f6llist\u00e4j\u00e4<\/h2>\n\n\n\n<p>Moni ammattilainen el\u00e4tt\u00e4\u00e4 itsens\u00e4 omalla ty\u00f6ll\u00e4\u00e4n esimerkiksi media-alalla, luovilla aloilla ja rakennusalalla. He saavat palkkion tekemist\u00e4\u00e4n t\u00f6ist\u00e4, mutta heill\u00e4 ei ole pysyv\u00e4\u00e4 suhdetta mihink\u00e4\u00e4n ty\u00f6nantajaan.<\/p>\n\n\n\n<p>Ty\u00f6t\u00e4 voi tehd\u00e4 itsen\u00e4isesti freelancerina tai kevytyritt\u00e4j\u00e4n\u00e4. <strong>Kevytyritt\u00e4j\u00e4 <\/strong>saa palkkionsa laskutuspalvelun kautta.<\/p>\n\n\n\n<p>Lain mukaan kevytyritt\u00e4j\u00e4\u00e4 kohdellaan sosiaaliturvaan liittyviss\u00e4 asioissa yritt\u00e4j\u00e4n\u00e4. Veronmaksussa h\u00e4nt\u00e4 kohdellaan palkansaajana, jos h\u00e4n saa tulonsa laskutuspalvelun kautta.<\/p>\n\n\n\n<p><strong>Freelancer <\/strong>ottaa vastaan t\u00f6it\u00e4 eri asiakkailta ja laskuttaa heit\u00e4 tekem\u00e4st\u00e4\u00e4n ty\u00f6st\u00e4.<\/p>\n\n\n\n<h2 class=\"wp-block-heading\">Alustaty\u00f6 <\/h2>\n\n\n\n<p>Alustaty\u00f6ss\u00e4 ihminen ottaa vastaan teht\u00e4vi\u00e4 s\u00e4hk\u00f6isen alustan kautta. Alustaty\u00f6 on yleist\u00e4 esimerkiksi ruokakuljetuksissa.<\/p>\n\n\n\n<p>Monessa maassa on k\u00e4yty keskustelua siit\u00e4, pit\u00e4isik\u00f6 alustaty\u00f6n tekij\u00f6it\u00e4 kohdella palkansaajina. Suomessa heit\u00e4 pidet\u00e4\u00e4n t\u00e4ll\u00e4 hetkell\u00e4 yritt\u00e4jin\u00e4, vaikka he eiv\u00e4t saa p\u00e4\u00e4tt\u00e4\u00e4 esimerkiksi hinnoista.<\/p>\n\n\n","protected":false},"excerpt":{"rendered":"<p>Yritt\u00e4j\u00e4ksi voi ryhty\u00e4, jos on idea ja uskoa onnistumiseen. Suomessa on viisi erilaista yritysmuotoa: yksityinen elinkeinonharjoittaja (toiminimi), osakeyhti\u00f6, kommandiittiyhti\u00f6, avoin yhti\u00f6 ja osuuskunta. Yritt\u00e4jyys vai palkkaty\u00f6? Yritt\u00e4j\u00e4n ty\u00f6ss\u00e4 on sek\u00e4 hyvi\u00e4 ett\u00e4 huonoja puolia. Yritt\u00e4j\u00e4n tulot saattavat vaihdella paljon. Sen sijaan palkansaaja saa aina sovitun rahasumman. Yritt\u00e4j\u00e4 saa p\u00e4\u00e4tt\u00e4\u00e4 omasta ty\u00f6st\u00e4\u00e4n. H\u00e4n voi itse m\u00e4\u00e4r\u00e4t\u00e4 [&hellip;]<\/p>\n","protected":false},"author":2,"featured_media":0,"parent":9728,"menu_order":0,"comment_status":"closed","ping_status":"closed","template":"","meta":{"_acf_changed":false,"footnotes":""},"asiasana":[31],"omistaja":[],"class_list":["post-4484","page","type-page","status-publish","hentry","asiasana-yrittajyys"],"acf":[],"yoast_head":"<!-- This site is optimized with the Yoast SEO plugin v26.5 - https:\/\/yoast.com\/wordpress\/plugins\/seo\/ -->\n<title>Sinustako yritt\u00e4j\u00e4? - Ty\u00f6el\u00e4m\u00e4\u00e4n.fi<\/title>\n<meta name=\"robots\" content=\"index, follow, max-snippet:-1, max-image-preview:large, max-video-preview:-1\" \/>\n<link rel=\"canonical\" href=\"https:\/\/tyoelamaan.staging.web-veistamo.fi\/?page_id=689\" \/>\n<meta property=\"og:locale\" content=\"fi_FI\" \/>\n<meta property=\"og:type\" content=\"article\" \/>\n<meta property=\"og:title\" content=\"Sinustako yritt\u00e4j\u00e4? - Ty\u00f6el\u00e4m\u00e4\u00e4n.fi\" \/>\n<meta property=\"og:description\" content=\"Yritt\u00e4j\u00e4ksi voi ryhty\u00e4, jos on idea ja uskoa onnistumiseen. Suomessa on viisi erilaista yritysmuotoa: yksityinen elinkeinonharjoittaja (toiminimi), osakeyhti\u00f6, kommandiittiyhti\u00f6, avoin yhti\u00f6 ja osuuskunta. Yritt\u00e4jyys vai palkkaty\u00f6? Yritt\u00e4j\u00e4n ty\u00f6ss\u00e4 on sek\u00e4 hyvi\u00e4 ett\u00e4 huonoja puolia. Yritt\u00e4j\u00e4n tulot saattavat vaihdella paljon. Sen sijaan palkansaaja saa aina sovitun rahasumman. Yritt\u00e4j\u00e4 saa p\u00e4\u00e4tt\u00e4\u00e4 omasta ty\u00f6st\u00e4\u00e4n. H\u00e4n voi itse m\u00e4\u00e4r\u00e4t\u00e4 [&hellip;]\" \/>\n<meta property=\"og:url\" content=\"https:\/\/tyoelamaan.staging.web-veistamo.fi\/?page_id=689\" \/>\n<meta property=\"og:site_name\" content=\"Ty\u00f6el\u00e4m\u00e4\u00e4n.fi\" \/>\n<meta property=\"article:modified_time\" content=\"2024-12-17T04:19:26+00:00\" \/>\n<meta name=\"twitter:card\" content=\"summary_large_image\" \/>\n<meta name=\"twitter:label1\" content=\"Est. reading time\" \/>\n\t<meta name=\"twitter:data1\" content=\"2 minutes\" \/>\n<script type=\"application\/ld+json\" class=\"yoast-schema-graph\">{\"@context\":\"https:\/\/schema.org\",\"@graph\":[{\"@type\":\"WebPage\",\"@id\":\"https:\/\/tyoelamaan.staging.web-veistamo.fi\/?page_id=689\",\"url\":\"https:\/\/tyoelamaan.staging.web-veistamo.fi\/?page_id=689\",\"name\":\"Sinustako yritt\u00e4j\u00e4? - Ty\u00f6el\u00e4m\u00e4\u00e4n.fi\",\"isPartOf\":{\"@id\":\"https:\/\/tyoelamaan.staging.web-veistamo.fi\/#website\"},\"primaryImageOfPage\":{\"@id\":\"https:\/\/tyoelamaan.staging.web-veistamo.fi\/?page_id=689#primaryimage\"},\"image\":{\"@id\":\"https:\/\/tyoelamaan.staging.web-veistamo.fi\/?page_id=689#primaryimage\"},\"thumbnailUrl\":\"https:\/\/tyoelamaan.staging.web-veistamo.fi\/wp-content\/uploads\/2021\/04\/freelancer-1024x998.jpg\",\"datePublished\":\"2021-04-09T11:28:59+00:00\",\"dateModified\":\"2024-12-17T04:19:26+00:00\",\"breadcrumb\":{\"@id\":\"https:\/\/tyoelamaan.staging.web-veistamo.fi\/?page_id=689#breadcrumb\"},\"inLanguage\":\"fi-selko\",\"potentialAction\":[{\"@type\":\"ReadAction\",\"target\":[\"https:\/\/tyoelamaan.staging.web-veistamo.fi\/?page_id=689\"]}]},{\"@type\":\"ImageObject\",\"inLanguage\":\"fi-selko\",\"@id\":\"https:\/\/tyoelamaan.staging.web-veistamo.fi\/?page_id=689#primaryimage\",\"url\":\"https:\/\/tyoelamaan.staging.web-veistamo.fi\/wp-content\/uploads\/2021\/04\/freelancer-1024x998.jpg\",\"contentUrl\":\"https:\/\/tyoelamaan.staging.web-veistamo.fi\/wp-content\/uploads\/2021\/04\/freelancer-1024x998.jpg\"},{\"@type\":\"BreadcrumbList\",\"@id\":\"https:\/\/tyoelamaan.staging.web-veistamo.fi\/?page_id=689#breadcrumb\",\"itemListElement\":[{\"@type\":\"ListItem\",\"position\":1,\"name\":\"Home\",\"item\":\"https:\/\/tyoelamaan.staging.web-veistamo.fi\/selko\/\"},{\"@type\":\"ListItem\",\"position\":2,\"name\":\"Min\u00e4 ty\u00f6el\u00e4m\u00e4ss\u00e4\",\"item\":\"https:\/\/tyoelamaan.staging.web-veistamo.fi\/mina-tyoelamassa\/\"},{\"@type\":\"ListItem\",\"position\":3,\"name\":\"Sinustako yritt\u00e4j\u00e4?\"}]},{\"@type\":\"WebSite\",\"@id\":\"https:\/\/tyoelamaan.staging.web-veistamo.fi\/#website\",\"url\":\"https:\/\/tyoelamaan.staging.web-veistamo.fi\/\",\"name\":\"Ty\u00f6el\u00e4m\u00e4\u00e4n.fi\",\"description\":\"\",\"publisher\":{\"@id\":\"https:\/\/tyoelamaan.staging.web-veistamo.fi\/#organization\"},\"potentialAction\":[{\"@type\":\"SearchAction\",\"target\":{\"@type\":\"EntryPoint\",\"urlTemplate\":\"https:\/\/tyoelamaan.staging.web-veistamo.fi\/?s={search_term_string}\"},\"query-input\":{\"@type\":\"PropertyValueSpecification\",\"valueRequired\":true,\"valueName\":\"search_term_string\"}}],\"inLanguage\":\"fi-selko\"},{\"@type\":\"Organization\",\"@id\":\"https:\/\/tyoelamaan.staging.web-veistamo.fi\/#organization\",\"name\":\"Ty\u00f6el\u00e4m\u00e4\u00e4n.fi\",\"url\":\"https:\/\/tyoelamaan.staging.web-veistamo.fi\/\",\"logo\":{\"@type\":\"ImageObject\",\"inLanguage\":\"fi-selko\",\"@id\":\"https:\/\/tyoelamaan.staging.web-veistamo.fi\/#\/schema\/logo\/image\/\",\"url\":\"https:\/\/tyoelamaan.staging.web-veistamo.fi\/wp-content\/uploads\/2024\/11\/tyoelamaan_logo.svg\",\"contentUrl\":\"https:\/\/tyoelamaan.staging.web-veistamo.fi\/wp-content\/uploads\/2024\/11\/tyoelamaan_logo.svg\",\"width\":131,\"height\":30,\"caption\":\"Ty\u00f6el\u00e4m\u00e4\u00e4n.fi\"},\"image\":{\"@id\":\"https:\/\/tyoelamaan.staging.web-veistamo.fi\/#\/schema\/logo\/image\/\"}}]}<\/script>\n<!-- \/ Yoast SEO plugin. -->","yoast_head_json":{"title":"Sinustako yritt\u00e4j\u00e4? - Ty\u00f6el\u00e4m\u00e4\u00e4n.fi","robots":{"index":"index","follow":"follow","max-snippet":"max-snippet:-1","max-image-preview":"max-image-preview:large","max-video-preview":"max-video-preview:-1"},"canonical":"https:\/\/tyoelamaan.staging.web-veistamo.fi\/?page_id=689","og_locale":"fi_FI","og_type":"article","og_title":"Sinustako yritt\u00e4j\u00e4? - Ty\u00f6el\u00e4m\u00e4\u00e4n.fi","og_description":"Yritt\u00e4j\u00e4ksi voi ryhty\u00e4, jos on idea ja uskoa onnistumiseen. Suomessa on viisi erilaista yritysmuotoa: yksityinen elinkeinonharjoittaja (toiminimi), osakeyhti\u00f6, kommandiittiyhti\u00f6, avoin yhti\u00f6 ja osuuskunta. Yritt\u00e4jyys vai palkkaty\u00f6? Yritt\u00e4j\u00e4n ty\u00f6ss\u00e4 on sek\u00e4 hyvi\u00e4 ett\u00e4 huonoja puolia. Yritt\u00e4j\u00e4n tulot saattavat vaihdella paljon. Sen sijaan palkansaaja saa aina sovitun rahasumman. Yritt\u00e4j\u00e4 saa p\u00e4\u00e4tt\u00e4\u00e4 omasta ty\u00f6st\u00e4\u00e4n. H\u00e4n voi itse m\u00e4\u00e4r\u00e4t\u00e4 [&hellip;]","og_url":"https:\/\/tyoelamaan.staging.web-veistamo.fi\/?page_id=689","og_site_name":"Ty\u00f6el\u00e4m\u00e4\u00e4n.fi","article_modified_time":"2024-12-17T04:19:26+00:00","twitter_card":"summary_large_image","twitter_misc":{"Est. reading time":"2 minutes"},"schema":{"@context":"https:\/\/schema.org","@graph":[{"@type":"WebPage","@id":"https:\/\/tyoelamaan.staging.web-veistamo.fi\/?page_id=689","url":"https:\/\/tyoelamaan.staging.web-veistamo.fi\/?page_id=689","name":"Sinustako yritt\u00e4j\u00e4? - Ty\u00f6el\u00e4m\u00e4\u00e4n.fi","isPartOf":{"@id":"https:\/\/tyoelamaan.staging.web-veistamo.fi\/#website"},"primaryImageOfPage":{"@id":"https:\/\/tyoelamaan.staging.web-veistamo.fi\/?page_id=689#primaryimage"},"image":{"@id":"https:\/\/tyoelamaan.staging.web-veistamo.fi\/?page_id=689#primaryimage"},"thumbnailUrl":"https:\/\/tyoelamaan.staging.web-veistamo.fi\/wp-content\/uploads\/2021\/04\/freelancer-1024x998.jpg","datePublished":"2021-04-09T11:28:59+00:00","dateModified":"2024-12-17T04:19:26+00:00","breadcrumb":{"@id":"https:\/\/tyoelamaan.staging.web-veistamo.fi\/?page_id=689#breadcrumb"},"inLanguage":"fi-selko","potentialAction":[{"@type":"ReadAction","target":["https:\/\/tyoelamaan.staging.web-veistamo.fi\/?page_id=689"]}]},{"@type":"ImageObject","inLanguage":"fi-selko","@id":"https:\/\/tyoelamaan.staging.web-veistamo.fi\/?page_id=689#primaryimage","url":"https:\/\/tyoelamaan.staging.web-veistamo.fi\/wp-content\/uploads\/2021\/04\/freelancer-1024x998.jpg","contentUrl":"https:\/\/tyoelamaan.staging.web-veistamo.fi\/wp-content\/uploads\/2021\/04\/freelancer-1024x998.jpg"},{"@type":"BreadcrumbList","@id":"https:\/\/tyoelamaan.staging.web-veistamo.fi\/?page_id=689#breadcrumb","itemListElement":[{"@type":"ListItem","position":1,"name":"Home","item":"https:\/\/tyoelamaan.staging.web-veistamo.fi\/selko\/"},{"@type":"ListItem","position":2,"name":"Min\u00e4 ty\u00f6el\u00e4m\u00e4ss\u00e4","item":"https:\/\/tyoelamaan.staging.web-veistamo.fi\/mina-tyoelamassa\/"},{"@type":"ListItem","position":3,"name":"Sinustako yritt\u00e4j\u00e4?"}]},{"@type":"WebSite","@id":"https:\/\/tyoelamaan.staging.web-veistamo.fi\/#website","url":"https:\/\/tyoelamaan.staging.web-veistamo.fi\/","name":"Ty\u00f6el\u00e4m\u00e4\u00e4n.fi","description":"","publisher":{"@id":"https:\/\/tyoelamaan.staging.web-veistamo.fi\/#organization"},"potentialAction":[{"@type":"SearchAction","target":{"@type":"EntryPoint","urlTemplate":"https:\/\/tyoelamaan.staging.web-veistamo.fi\/?s={search_term_string}"},"query-input":{"@type":"PropertyValueSpecification","valueRequired":true,"valueName":"search_term_string"}}],"inLanguage":"fi-selko"},{"@type":"Organization","@id":"https:\/\/tyoelamaan.staging.web-veistamo.fi\/#organization","name":"Ty\u00f6el\u00e4m\u00e4\u00e4n.fi","url":"https:\/\/tyoelamaan.staging.web-veistamo.fi\/","logo":{"@type":"ImageObject","inLanguage":"fi-selko","@id":"https:\/\/tyoelamaan.staging.web-veistamo.fi\/#\/schema\/logo\/image\/","url":"https:\/\/tyoelamaan.staging.web-veistamo.fi\/wp-content\/uploads\/2024\/11\/tyoelamaan_logo.svg","contentUrl":"https:\/\/tyoelamaan.staging.web-veistamo.fi\/wp-content\/uploads\/2024\/11\/tyoelamaan_logo.svg","width":131,"height":30,"caption":"Ty\u00f6el\u00e4m\u00e4\u00e4n.fi"},"image":{"@id":"https:\/\/tyoelamaan.staging.web-veistamo.fi\/#\/schema\/logo\/image\/"}}]}},"_links":{"self":[{"href":"https:\/\/tyoelamaan.staging.web-veistamo.fi\/selko\/wp-json\/wp\/v2\/pages\/4484","targetHints":{"allow":["GET"]}}],"collection":[{"href":"https:\/\/tyoelamaan.staging.web-veistamo.fi\/selko\/wp-json\/wp\/v2\/pages"}],"about":[{"href":"https:\/\/tyoelamaan.staging.web-veistamo.fi\/selko\/wp-json\/wp\/v2\/types\/page"}],"author":[{"embeddable":true,"href":"https:\/\/tyoelamaan.staging.web-veistamo.fi\/selko\/wp-json\/wp\/v2\/users\/2"}],"replies":[{"embeddable":true,"href":"https:\/\/tyoelamaan.staging.web-veistamo.fi\/selko\/wp-json\/wp\/v2\/comments?post=4484"}],"version-history":[{"count":8,"href":"https:\/\/tyoelamaan.staging.web-veistamo.fi\/selko\/wp-json\/wp\/v2\/pages\/4484\/revisions"}],"predecessor-version":[{"id":12495,"href":"https:\/\/tyoelamaan.staging.web-veistamo.fi\/selko\/wp-json\/wp\/v2\/pages\/4484\/revisions\/12495"}],"up":[{"embeddable":true,"href":"https:\/\/tyoelamaan.staging.web-veistamo.fi\/selko\/wp-json\/wp\/v2\/pages\/9728"}],"wp:attachment":[{"href":"https:\/\/tyoelamaan.staging.web-veistamo.fi\/selko\/wp-json\/wp\/v2\/media?parent=4484"}],"wp:term":[{"taxonomy":"asiasana","embeddable":true,"href":"https:\/\/tyoelamaan.staging.web-veistamo.fi\/selko\/wp-json\/wp\/v2\/asiasana?post=4484"},{"taxonomy":"omistaja","embeddable":true,"href":"https:\/\/tyoelamaan.staging.web-veistamo.fi\/selko\/wp-json\/wp\/v2\/omistaja?post=4484"}],"curies":[{"name":"wp","href":"https:\/\/api.w.org\/{rel}","templated":true}]}}